 48110 is divided by 23234.
1642
What is the remainder when 207579 is divided by 41152?
1819
Calculate the remainder when 2116621 is divided by 41502.
19
What is the remainder when 73542473 is divided by 31?
26
Calculate the remainder when 3366859 is divided by 1683411.
37
What is the remainder when 17147735 is divided by 17147715?
20
Calculate the remainder when 26858 is divided by 1409.
87
Calculate the remainder when 1108000 is divided by 13.
10
Calculate the remainder when 43002 is divided by 20698.
1606
What is the remainder when 5200842 is divided by 5824?
10
Calculate the remainder when 3994407 is divided by 827.
824
Calculate the remainder when 1294500 is divided by 2883.
33
What is the remainder when 65420598 is divided by 81?
57
Calculate the remainder when 15392807 is divided by 108.
107
What is the remainder when 26764 is divided by 12906?
952
Calculate the remainder when 347205 is divided by 26659.
638
What is the remainder when 24464292 is divided by 41?
2
What is the remainder when 26210314 is divided by 116?
114
Calculate the remainder when 3681651 is divided by 2105.
6
Calculate the remainder when 60586593 is divided by 99649.
1
What is the remainder when 14966 is divided by 5720?
3526
What is the remainder when 11427145 is divided by 1109?
9
Calculate the remainder when 123099906 is divided by 101.
96
Calculate the remainder when 19858 is divided by 19180.
678
What is the remainder when 2379316 is divided by 87?
40
What is the remainder when 1707931 is divided by 6696?
451
Calculate the remainder when 41783 is divided by 1193.
28
What is the remainder when 4114145 is divided by 3911?
3684
Calculate the remainder when 36004722 is divided by 15.
12
What is the remainder when 44728633 is divided by 262?
255
Calculate the remainder when 307267 is divided by 1625.
142
What is the remainder when 356267 is divided by 497?
415
Calculate the remainder when 14365 is divided by 3231.
1441
Calculate the remainder when 95711 is divided by 76.
27
Calculate the remainder when 32332 is divided by 734.
36
Calculate the remainder when 2408188 is divided by 1230.
1078
Calculate the remainder when 16133196 is divided by 542.
24
Calculate the remainder when 77062 is divided by 2855.
2832
What is the remainder when 1339718522 is divided by 6123?
6122
Calculate the remainder when 988930 is divided by 494381.
168
What is the remainder when 4517345 is divided by 2258651?
43
Calculate the remainder when 911467 is divided by 230.
207
What is the remainder when 43308299 is divided by 49?
41
What is the remainder when 3146039 is divided by 1827?
1772
Calculate the remainder when 1097533173 is divided by 589.
586
What is the remainder when 725400 is divided by 90675?
0
What is the remainder when 490574 is divided by 44582?
172
What is the remainder when 53084 is divided by 100?
84
What is the remainder when 44564 is divided by 3056?
1780
Calculate the remainder when 9439989 is divided by 8543.
8517
What is the remainder when 103449987 is divided by 70?
67
What is the remainder when 16179135 is divided by 32?
31
Calculate the remainder when 18834819 is divided by 285376.
3
What is the remainder when 244189 is divided by 133?
1
What is the remainder when 5876947 is divided by 42896?
195
Calculate the remainder when 2941150 is divided by 735286.
6
Calculate the remainder when 4489465 is divided by 35350.
15
What is the remainder when 72460132 is divided by 60?
52
What is the remainder when 15879343 is divided by 57?
55
What is the remainder when 75771645 is divided by 9?
6
What is the remainder when 3718983 is divided by 29?
23
Calculate the remainder when 15156881 is divided by 3789216.
17
Calculate the remainder when 363162 is divided by 712.
42
What is the remainder when 334899788 is divided by 3674?
3666
What is the remainder when 1899984 is divided by 357?
30
What is the remainder when 381374 is divided by 190659?
56
Calculate the remainder when 55567 is divided by 52978.
2589
Calculate the remainder when 261923756 is divided by 36.
32
What is the remainder when 15041655 is divided by 337?
334
Calculate the remainder when 11968754 is divided by 4668.
2
What is the remainder when 97632 is divided by 28?
24
Calculate the remainder when 4960 is divided by 1573.
241
What is the remainder when 12326209 is divided by 79?
76
What is the remainder when 4909255 is divided by 274?
271
Calculate the remainder when 328550095 is divided by 1834.
1833
What is the remainder when 148939 is divided by 5724?
115
Calculate the remainder when 45139066 is divided by 19.
6
What is the remainder when 7610026 is divided by 257?
256
Calculate the remainder when 103467176 is divided by 680705.
16
What is the remainder when 35562045 is divided by 261?
12
Calculate the remainder when 1493537 is divided by 9698.
45
Calculate the remainder when 37920 is divided by 12442.
594
Calculate the remainder when 20414979 is divided by 479.
478
Calculate the remainder when 997258 is divided by 997055.
203
Calculate the remainder when 141524829 is divided by 7829.
7825
What is the remainder when 621064800 is divided by 58?
46
Calculate the remainder when 84674 is divided by 41541.
1592
What is the remainder when 849599 is divided by 123?
38
Calculate the remainder when 26029755 is divided by 259.
255
What is the remainder when 2541 is divided by 1127?
287
Calculate the remainder when 384069 is divided by 1110.
9
What is the remainder when 5729764 is divided by 277?
19
Calculate the remainder when 2265327 is divided by 1246.
99
What is the remainder when 1573332 is divided by 49166?
20
What is the remainder when 101922 is divided by 98898?
3024
What is the remainder when 4118284 is divided by 505?
9
What is the remainder when 46384 is divided by 9271?
29
What is the remainder when 1902568 is divided by 1449?
31
What is the remainder when 1276107 is divided by 63805?
7
What is the remainder when 980766 is divided by 490379?
8
What is the remainder when 53678 is divided by 52061?
1617
Calculate the remainder when 8476842 is divided by 48999.
15
What is the remainder when 1199818 is divided by 599856?
106
What is the remainder when 2760779 is divided by 394316?
567
Calculate the remainder when 307758 is divided by 305.
13
What is the remainder when 691281 is divided by 5400?
81
Calculate the remainder when 15920930 is divided by 233.
40
What is the remainder when 218496 is divided by 72831?
3
What is the remainder when 874226 is divided by 15608?
178
What is the remainder when 507423 is divided by 1042?
1011
Calculate the remainder when 1348123 is divided by 1857.
1798
What is the remainder when 5421633 is divided by 259?
245
Calculate the remainder when 163222 is divided by 54397.
31
What is the remainder when 164196024 is divided by 728?
720
Calculate the remainder when 898860 is divided by 1797.
360
What is the remainder when 83480 is divided by 2246?
378
Calculate the remainder when 168571 is divided by 8877.
8785
What is the remainder when 24203 is divided by 23396?
807
Calculate the remainder when 17376437 is divided by 1930704.
101
Calculate the remainder when 1700598 is divided by 4523.
4473
What is the remainder when 125985 is divided by 25?
10
What is the remainder when 42297 is divided by 41861?
436
What is the remainder when 8193972 is divided by 819396?
12
What is the remainder when 135284 is divided by 5326?
2134
What is the remainder when 44468 is divided by 3574?
1580
Calculate the remainder when 81376 is divided by 80921.
455
What is the remainder when 892436 is divided by 296?
292
Calculate the remainder when 58118825 is divided by 58118788.
37
Calculate the remainder when 233121 is divided by 167.
156
What is the remainder when 738793 is divided by 31?
1
What is the remainder when 20219123 is divided by 2642?
2539
What is the remainder when 530191 is divided by 4466?
3203
What is the remainder when 41127348 is divided by 10?
8
What is the remainder when 256098 is divided by 3282?
102
What is the remainder when 1757670 is divided by 9?
6
What is the remainder when 2700649 is divided by 2369?
2358
Calculate the remainder when 41135 is divided by 786.
263
Calculate the remainder when 5950 is divided by 5898.
52
What is the remainder when 572546 is divided by 150?
146
What is t